 61767 and 63?
9
Calculate the highest common factor of 98161 and 481.
37
Calculate the greatest common factor of 3951 and 6.
3
Calculate the greatest common divisor of 21 and 31584.
21
Calculate the greatest common divisor of 5 and 48465.
5
What is the highest common divisor of 5187 and 217056?
399
Calculate the greatest common factor of 114 and 6184329.
57
What is the highest common divisor of 1666 and 117698?
98
What is the greatest common divisor of 63 and 39717?
9
What is the highest common factor of 1022 and 43666?
14
Calculate the greatest common factor of 168 and 3801.
21
What is the highest common factor of 1490 and 33674?
298
What is the highest common divisor of 405 and 244701?
81
Calculate the highest common factor of 99 and 476883.
99
What is the highest common factor of 186168 and 60?
12
What is the greatest common divisor of 5897579 and 43?
43
Calculate the greatest common divisor of 4963 and 1008.
7
What is the greatest common divisor of 12417458 and 178?
178
What is the highest common divisor of 4319 and 5901?
7
What is the highest common factor of 23950 and 35?
5
What is the highest common divisor of 34810 and 90?
10
What is the highest common factor of 12842 and 42?
2
What is the highest common divisor of 9905 and 20?
5
Calculate the highest common factor of 141563 and 53.
53
Calculate the greatest common factor of 141 and 474841.
47
Calculate the highest common factor of 100056 and 22.
22
What is the greatest common factor of 735 and 31115?
245
Calculate the highest common factor of 9348 and 131774.
82
What is the greatest common factor of 594 and 188364?
66
What is the highest common divisor of 11660 and 990?
110
Calculate the greatest common divisor of 27357 and 165.
33
Calculate the highest common factor of 884 and 16822.
26
What is the greatest common factor of 814972 and 3796?
292
Calculate the highest common factor of 10 and 58970.
10
What is the greatest common divisor of 2788 and 2606083?
697
Calculate the highest common divisor of 37622 and 130.
26
What is the greatest common factor of 6832 and 19376?
112
What is the greatest common divisor of 273300 and 3900?
300
Calculate the greatest common factor of 7344 and 13536.
144
What is the greatest common divisor of 3 and 102432?
3
Calculate the highest common factor of 18 and 3123774.
18
Calculate the highest common divisor of 72 and 2064.
24
Calculate the greatest common factor of 252 and 108135.
9
Calculate the greatest common divisor of 2038 and 94.
2
What is the highest common factor of 890 and 86440?
10
What is the greatest common divisor of 207859 and 51?
17
What is the highest common divisor of 533 and 5207?
41
Calculate the highest common factor of 2173 and 8979.
41
What is the highest common divisor of 39590 and 1110?
370
Calculate the highest common divisor of 190 and 203585.
95
Calculate the greatest common factor of 30 and 1341790.
10
What is the greatest common factor of 164124 and 2619?
873
Calculate the highest common divisor of 82777 and 46.
23
What is the greatest common divisor of 293 and 4655477?
293
Calculate the greatest common factor of 32 and 503696.
16
Calculate the greatest common divisor of 1950 and 19200.
150
What is the highest common factor of 128 and 1452?
4
What is the greatest common factor of 45 and 4985?
5
Calculate the greatest common factor of 189 and 40054.
7
What is the greatest common factor of 53781 and 28938?
273
Calculate the greatest common factor of 30030 and 126.
42
Calculate the greatest common factor of 3809 and 13988.
13
Calculate the greatest common divisor of 1826708 and 468.
52
Calculate the greatest common factor of 12 and 25692.
12
Calculate the highest common factor of 505 and 739421.
101
Calculate the greatest common factor of 521475 and 85.
85
Calculate the highest common factor of 17978 and 2222.
202
What is the greatest common factor of 295 and 10207?
59
Calculate the highest common divisor of 2536961 and 119.
119
Calculate the greatest common factor of 3938 and 946.
22
What is the highest common factor of 1369867 and 655?
131
Calculate the greatest common divisor of 852 and 11952.
12
Calculate the greatest common divisor of 20 and 38084.
4
Calculate the highest common divisor of 6 and 13122.
6
What is the greatest common divisor of 973 and 54551?
7
What is the greatest common factor of 978 and 10308?
6
Calculate the greatest common factor of 608 and 1621232.
304
What is the highest common divisor of 171410 and 18910?
610
What is the greatest common divisor of 188 and 3244316?
188
What is the greatest common divisor of 1861742 and 116?
58
Calculate the highest common divisor of 323 and 28139.
19
What is the highest common divisor of 1540 and 1550395?
385
What is the greatest common factor of 9048 and 72?
24
What is the greatest common divisor of 66396 and 825?
33
What is the highest common factor of 196 and 238588?
28
Calculate the greatest common divisor of 1254 and 17214.
114
What is the greatest common divisor of 193557 and 26?
13
What is the greatest common divisor of 6000 and 19440?
240
What is the greatest common divisor of 754 and 4582?
58
What is the greatest common factor of 945 and 4995?
135
Calculate the greatest common factor of 8745 and 25.
5
What is the highest common divisor of 28 and 22757?
7
What is the highest common divisor of 39 and 752908?
13
Calculate the greatest common factor of 232504 and 32.
8
What is the greatest common factor of 29 and 9564983?
29
What is the greatest common divisor of 2 and 802?
2
What is the greatest common factor of 115 and 955765?
115
Calculate the highest common factor of 651 and 1953651.
651
What is the highest common factor of 154992 and 2136?
24
What is the greatest common factor of 188 and 75623?
47
Calculate the highest common factor of 6569832 and 24.
24
What is the highest common divisor of 1311 and 494?
19
Calculate the highest common divisor of 64 and 23984.
16
Calculate the highest common divisor of 3729 and 53394.
33
Calculate the greatest common divisor of 37568 and 12.
4
Calculate the greatest common divisor of 53 and 12773.
53
Calculate the greatest common factor of 129256 and 73616.
856
What is the greatest common divisor of 341115 and 15?
15
What is the greatest common factor of 1435 and 77203?
287
What is the highest common factor of 183518 and 178?
178
What is the greatest common divisor of 430 and 7955?
215
Calculate the highest common factor of 5973 and 1617.
33
What is the highest common factor of 9590 and 370?
10
Calculate the greatest common divisor of 7987 and 58028.
163
Calculate the greatest common divisor of 3302 and 70538.
26
Calculate the highest common divisor of 38 and 217037.
19
What is the highest common divisor of 108 and 1026594?
54
What is the greatest common factor of 64 and 432128?
64
Calculate the greatest common divisor of 108 and 1172.
4
What is the greatest common factor of 7676 and 2020?
404
Calculate the greatest common divisor of 4097160 and 19.
19
What is the highest common divisor of 5322897 and 211?
211
What is the greatest common divisor of 50369 and 1463?
209
What is the greatest common divisor of 66250 and 14310?
530
Calculate the greatest common divisor of 170 and 67490.
170
What is the greatest common factor of 700 and 378?
14
What is the highest common factor of 2 and 26654?
2
What is the highest common divisor of 396 and 19184?
44
Calculate the highest common factor of 113555 and 1573.
13
What is the highest common factor of 688 and 21592?
8
What is the highest common divisor of 2074782 and 1122?
102
What is the highest common divisor of 126597 and 456?
57
What is the greatest common divisor of 43236 and 36?
36
What is the greatest common factor of 1036 and 2044?
28
What is the greatest common divisor of 1224 and 73168?
136
What is the highest common divisor of 3924 and 20904?
12
Calculate the greatest common divisor of 319 and 13607.
11
What is the greatest common factor of 4847 and 7659?
37
Calculate the greatest common divisor of 378 and 36126.
54
Calculate the greatest common divisor of 119790 and 825.
165
What is the highest common divisor of 77 and 469?
7
Calculate the highest common factor of 3 and 162917.
1
What is the highest common factor of 133960 and 1343?
17
Calculate the highest common fact